{"id":2,"date":"2014-03-02T09:58:15","date_gmt":"2014-03-02T09:58:15","guid":{"rendered":"http:\/\/marc4.fr\/?page_id=2"},"modified":"2023-02-18T20:25:30","modified_gmt":"2023-02-18T19:25:30","slug":"page-d-exemple","status":"publish","type":"page","link":"http:\/\/marc4.fr\/?page_id=2","title":{"rendered":"Bio Marc 4"},"content":{"rendered":"<p>Voici un exemple de page. Elle est diff\u00e9rente d&rsquo;un article de blog, en cela qu&rsquo;elle restera \u00e0 la m\u00eame place, et s&rsquo;affichera dans le menu de navigation de votre site (en fonction de votre th\u00e8me). La plupart des gens commencent par \u00e9crire une page \u00ab \u00c0 Propos \u00bb qui les pr\u00e9sente aux visiteurs potentiels du site. Vous pourriez y \u00e9crire quelque chose de ce tenant :<\/p>\n<blockquote><p>Bonjour ! Je suis un m\u00e9canicien qui aspire \u00e0 devenir un acteur, et voici mon blog. J&rsquo;habite \u00e0 Bordeaux, j&rsquo;ai un super chien baptis\u00e9 Russell, et j&rsquo;aime la vodka-ananas (ainsi que regarder la pluie tomber).<\/p><\/blockquote>\n","protected":false},"excerpt":{"rendered":"<p>Voici un exemple de page. Elle est diff\u00e9rente d&rsquo;un article de blog, en cela qu&rsquo;elle restera \u00e0 la m\u00eame place, et s&rsquo;affichera dans le menu de navigation de votre site (en fonction de votre th\u00e8me). La plupart des gens commencent par \u00e9crire une page \u00ab \u00c0 Propos \u00bb qui les pr\u00e9sente aux visiteurs potentiels du<br \/><a class=\"moretag\" href=\"http:\/\/marc4.fr\/?page_id=2\">+ Read More<\/a><\/p>\n","protected":false},"author":1,"featured_media":0,"parent":0,"menu_order":0,"comment_status":"closed","ping_status":"open","template":"","meta":{"footnotes":""},"class_list":["post-2","page","type-page","status-publish","hentry"],"_links":{"self":[{"href":"http:\/\/marc4.fr\/index.php?rest_route=\/wp\/v2\/pages\/2","targetHints":{"allow":["GET"]}}],"collection":[{"href":"http:\/\/marc4.fr\/index.php?rest_route=\/wp\/v2\/pages"}],"about":[{"href":"http:\/\/marc4.fr\/index.php?rest_route=\/wp\/v2\/types\/page"}],"author":[{"embeddable":true,"href":"http:\/\/marc4.fr\/index.php?rest_route=\/wp\/v2\/users\/1"}],"replies":[{"embeddable":true,"href":"http:\/\/marc4.fr\/index.php?rest_route=%2Fwp%2Fv2%2Fcomments&post=2"}],"version-history":[{"count":2,"href":"http:\/\/marc4.fr\/index.php?rest_route=\/wp\/v2\/pages\/2\/revisions"}],"predecessor-version":[{"id":24,"href":"http:\/\/marc4.fr\/index.php?rest_route=\/wp\/v2\/pages\/2\/revisions\/24"}],"wp:attachment":[{"href":"http:\/\/marc4.fr\/index.php?rest_route=%2Fwp%2Fv2%2Fmedia&parent=2"}],"curies":[{"name":"wp","href":"https:\/\/api.w.org\/{rel}","templated":true}]}}